e 42 = -v + 4*w, -v + 4*w = -5*v - 88. Let p be (v + 24)/(-1 + (-3)/(-2)). Let a(i) = -i**2 - 6*i - 4. Determine a(p).
4
Let a(g) = -12*g**2 - g. Suppose 0*v = -51*v + 153. Suppose -2*q + 8 = -v*o, -5*q - 2*o + 9 = -4*o. Determine a(q).
-13
Let w(y) be the first derivative of y**4/4 - y**3 - y**2/2 - 3*y + 1176. Determine w(3).
-6
Suppose -4*r + 4*r - 6 = 3*r. Let m(o) = -4*o**2 + o + 1. Calculate m(r).
-17
Let r(b) = 10*b - 4. Let x(o) = 18*o - 10. Let m(c) = 6*r(c) - 3*x(c). What is m(0)?
6
Let b(k) be the third derivative of k**5/60 - k**4/3 - 29*k**3/6 + 16*k**2 - 184. What is b(14)?
55
Let t(k) = 522*k**2 + 24*k - 523*k**2 + 28*k - 65*k - 33. Give t(-10).
-3
Suppose 4*g = h + h + 4, 2*h + 11 = -3*g. Let l(f) be the third derivative of -8*f**2 + 0*f**4 - 1/6*f**3 - 1/10*f**5 + 0*f + 0. Calculate l(g).
-7
Let m(n) = 17*n**3 - 2*n - 1. Let o be 0/(3 + 0 - 36/9). Let i be o/2 + -9 + 11. Let t be (6*i/6 + -3)/1. Calculate m(t).
-16
Let r = 19 - 17. Let h(g) = 69*g**2 + 50*g**2 - 117*g**2 - 5*g + 4. Calculate h(r).
2
Suppose -3 - 2 = -3*l - i, 0 = -l - 3*i - 9. Suppose -4 = -5*t + l*t. Let m(d) be the third derivative of -d**5/60 + d**4/24 - 168*d**2 + 9. Determine m(t).
-2
Let r(x) = 33*x - 6 + 30*x + 35*x - 107*x + 5*x**2 - 6*x**2. Let n(y) = -y + 1. Let d be n(-1). Suppose -12 = 4*h - d*h. What is r(h)?
12
Let u(s) = 4*s**3 - 18*s**2 + 26*s - 238. Let r(y) = y**3 - 4*y**2 + 6*y - 57. Let v(c) = -25*r(c) + 6*u(c). What is v(-8)?
-51
Suppose 4*c - 1 = -3*h, 4*h - 12 = 3*h + c. Let n(g) = -g + 1. Let f(k) = -k**3 + 6*k**2 + 14*k - 14. Let a(t) = -f(t) - 4*n(t). Give a(h).
-11
Let m(h) = -22*h - 162. Let q = -2344 - -2337. Calculate m(q).
-8
Let b(w) = -w**2 - 6*w - 3. Let a(t) = -2*t - 1. Let k(h) = 13*h + 363. Let q be k(-28). Let z(f) = q*b(f) + 3*a(f). Determine z(-3).
9
Suppose -12*n - 25 = -17*n. Suppose 10*l = 2*u + 5*l + 27, 2*u + n*l - 3 = 0. Let h(p) = -2*p**2 - 7*p - 1. Calculate h(u).
-31
Let s = 6 + -1. Let z(m) = -6*m**2 - 1 - 227*m**3 + 80*m**3 + 70*m**3 + 78*m**3 + 7*m. Determine z(s).
9
Let s(l) = -32890 + 16499 + 16532 - 19*l. Give s(8).
-11
Suppose -14*t = -9*t + 290. Let b = t + 62. Suppose b - 25 = -3*o. Let y(m) = m - 7. Calculate y(o).
0
Let o(n) = 27*n - 10*n - 2124 + 2129. Calculate o(-4).
-63
Let m(x) = -555 + 179 + 181 + 27*x - 5*x + 177. Give m(1).
4
Let m(v) = v - 6. Suppose -317*l = -308*l - 216. Suppose 7*b - 4*q - 18 = 6*b, -5*b + l = 2*q. Calculate m(b).
0
Let t(q) = -q - 14. Let p = -109 + 114. Suppose 6 = p*v - 69. Suppose -2*i = 3*i + 3*d - v, -2*i + 4*d = 20. Give t(i).
-14
Let r be (3 - 1)/(-4) + 36/8 + 7. Let j(o) = o**3 - 10*o**2 - 14*o + 17. Determine j(r).
-16
Let g(a) = 2*a**3 + 37*a**2 + 14*a - 3. Let b(x) = -x**3 - 14*x**2 + x. Let y(t) = -3*b(t) - g(t). What is y(-7)?
24
Suppose p + 15 = -u, 2*u - 18*p = -19*p - 21. Let n(q) = q**3 + 5*q**2 + 2*q + 24. Give n(u).
-24
Let i(h) = -2*h**2 - 14*h + 7. Let a(n) = -2*n + 3*n**2 + 0*n**2 - 35 - 15*n**2 + 3 - n**3. Let o be a(-12). Calculate i(o).
-9
Let c(t) be the second derivative of -t**4/12 - 7*t**3/6 - 5*t**2/2 - 216*t. Calculate c(-7).
-5
Let h(p) be the third derivative of 0*p + 1/6*p**3 - 43*p**2 - 1/12*p**4 + 0. Let r(s) = -s**3 + 3*s**2 - 1. Let j be r(2). Calculate h(j).
-5
Let x be (-2 - (-1 + -1))/(-1). Let h(u) = -1 + x*u - 2*u + 0*u. Let w(y) = y**3 - 5*y**2 + 24*y - 30. Let z be w(2). What is h(z)?
-13
Let o = 83 + -87. Let g(m) be the first derivative of -m**4/4 - 4*m**3/3 - 3*m**2/2 - m - 22. Give g(o).
11
Let s(w) = -5*w**2 + 3*w. Suppose -24*u + 87*u - 41*u = -594. Let z = -2 + -23. Let o = z - u. Give s(o).
-14
Suppose 0 = 3*b - 6*b + 135. Suppose -9*p - 63 = b. Let u = 9 + p. Let g(s) = 3*s - 3. Determine g(u).
-12
Let y be 2 + (-4 - (-5 - 22)). Suppose 0 = 10*v - y - 15. Let q(a) = 0 - 5 - a**2 - a**2 + 7*a. Determine q(v).
-9
Let f(u) = -u**3 - 7*u**2 + 8*u - 2. Suppose -51 = -7*k - 9. Suppose 8 = -2*g + 4*m, 0*g + 2*g = 5*m - k. Determine f(g).
-2
Let w be ((-105)/6)/1*(-264)/7. Suppose -10*c + w = c. Suppose 7*x + 25 = c. Let n(z) = -z**3 + 4*z**2 + 7*z - 2. Determine n(x).
8
Let n(h) = -2*h**2 + 17. Let g be (20/((-30)/6) + 0)*1. Determine n(g).
-15
Let i(u) be the third derivative of 5*u**4/24 - 7*u**3/6 - 154*u**2 - 2. Let l = 13 + -7. Give i(l).
23
Let d = -4448 - -4447. Let l(m) = m + 12. Give l(d).
11
Let s = 2514 - 2506. Let t(c) = -c**3 + 9*c**2 - 11*c + 8. Determine t(s).
-16
Let p = 0 - -2. Let y(z) = -5*z + p + 2*z**2 + 2*z**2 + 4*z - 3*z**2. Let x(h) = h**2 + 10*h + 16. Let o be x(-8). Give y(o).
2
Let d(s) = 5*s + s**3 - 24 + 29 - 2*s**3. Let h(p) = 4 - 10*p + 0*p + 6*p + 8*p. Let c(t) = 5*d(t) - 6*h(t). Give c(-1).
5
Let j = 6197 - 6194. Let m(q) = -2*q**3 + 3*q**2 + 3*q - 5. Give m(j).
-23
Let r(x) = -55*x**2 - 101 + 23*x**2 + 79 + 31*x**2 + 17*x. Determine r(11).
44
Let p(y) = -y**2 - 12*y + 1. Let d(u) = 7*u**2 + 53*u - 159. Let h(k) = -d(k) - 5*p(k). Calculate h(-7).
7
Let x(g) = -2*g - 6. Let a(q) = -q**2 - 4*q - 19. Suppose 4*j = 3*n + 34, 3*j - 4*n - 23 = 6. Let f(p) = j*x(p) - 2*a(p). Give f(5).
16
Let w(d) be the second derivative of -7*d**5/60 + 77*d**2/2 + d - 44. Let f(n) be the first derivative of w(n). Determine f(-1).
-7
Let p be (-120)/(-96)*(-4 - 84/(-15)). Let z(v) = 4*v**3 - 3*v**2 + v + 2. Calculate z(p).
24
Let j(l) = -l**3 + 7*l**2 - l - 44. Let o(k) = -k**2 + 55*k + 371. Let q be o(-6). Determine j(q).
1
Let y = -4 + 7. Suppose 0 = -b - 2*a - 6, -4*b = -a + 9 - 12. Let o(q) = 1 + b*q**y - 2 + 0*q**2 - 2*q**3 + q**2 + 2*q. Determine o(2).
-9
Let l(b) = 24*b - 13. Let a = -9091 - -9094. What is l(a)?
59
Let b(p) = p**2 - 6*p - 3. Let c(j) = -j**3 - 3*j**2 + 3*j + 3. Let d(g) = 2*b(g) + c(g). What is d(0)?
-3
Let v(g) = 13*g - 1037. Let h be v(80). Let t(q) = -2*q**2 + 21*q - 51. Calculate t(h).
-6
Suppose 4*a - 283 + 75 = -2*o, -169 = -3*a + 5*o. Let k(l) = 102 - a - 52 - 7*l. Give k(-2).
11
Let p = -290 - -285. Let j be -3 - (-9)/(27/30). Let x(m) = -j*m**2 + 3*m**2 - 2*m**3 + 4*m - 3*m**3 + 4*m**3. Determine x(p).
5
Let m(n) = -8*n - 10. Let u(l) = -3*l - 3. Let c(t) = 4*m(t) - 11*u(t). Let o be (2/(-5) - (-136)/340)/1. What is c(o)?
-7
Suppose -101 = -14*j - 45. Let v(g) = -g**3 + 3*g**2 + 5*g. Let z(h) = h**3 - h**2 - 4*h - 1. Let t(a) = j*v(a) + 5*z(a). Calculate t(-7).
-5
Let g(i) = i + 4. Suppose -132 = -z - 5*c, 3*c = -0*z - 2*z + 257. Suppose 123*m = z*m. Give g(m).
4
Let z = -911 + 939. Let h(i) = -14*i**3 + i**2 + i**2 + 38 + z - 67. Let l be 1*-1*1/(-1). Calculate h(l).
-13
Let p(i) = i**2 + 4*i + 3. Let l be p(-3). Suppose -4*y + 8 = 0, -z + 9*y - 10*y + 6 = l. Let x be (z - 6)/(-3 - -2). Let r(v) = -v**2 + 4*v - 3. What is r(x)?
1
Let c(w) = -3*w**2 - 253*w - 331. Let h be c(-83). Let y(m) = 1 - 2*m**3 + m**3 + 9*m + 3*m**3 - 10*m. What is y(h)?
2
Let z(v) = -2*v**2 + 57*v - 38. Suppose -4*t - g = -114, -4*t + 1030*g = 1027*g - 106. Determine z(t).
-10
Let p(x) = 8*x + 38. Let d(f) = f**2 - 5*f - 4. Let q be d(0). Let u be p(q). Let o(b) = -b**2 + 4*b + 7. Determine o(u).
-5
Let c(l) = -l**3 - 6*l**2 - l + 7. Let o = 389 + -760. Let q = -376 - o. Give c(q).
-13
Let a(t) be the second derivative of 13*t**3/3 - 16*t**2 - 11*t + 413. Determine a(1).
-6
Let g(a) be the third derivative of 3*a**4/4 + 17*a**3/6 + 3805*a**2. Give g(-7).
-109
Let p be (3 + 5/(-2))/((-18)/(-1368)). Let k(y) = -y**2 + p + 15 + 0*y**2 - 38 + 0*y**2 - 9*y. Determine k(-11).
-7
Let d(x) = -2*x**3 + x + 10. Let k(f) = -3*f**3 + 11*f**2 + 15*f + 43. Let y(o) = -2*d(o) + k(o). What is y(-10)?
-7
Let w(v) = 30 - 10*v + 16 + 26 + 21 - 60. Calculate w(4).
-7
Let z(w) = w**2 + 9*w - 9. Let q be 13/4 - 8*6/192. Suppose -2*f - 30 = f - q*l, -3*f - l = 26. What is z(f)?
-9
Let u(s) = -19*s - 8*s + 2*s - 12*s. Let f(i) = 1079*i. Let l(w) = 4*f(w) + 117*u(w). Calculate l(2).
-26
Let o(n) be the third derivative of -n**4/24 - 11*n**3/2 + n**2 - 5*n + 216. Give o(-28).
-5
Suppose 0*b - 5*b + 30 = 0. Let i be 7/21*b/1. Let g(c) be the third derivative of -c**4/2 - 866*c**2. What is g(i)?
-24
Let l be ((-12 - -10)/((-14)/(-35)))/(-6). Let f(r) be the second derivative of -5/2*r**2 - 7*r + 0 + l*r**3 - 1/12*r**4. Give f(5).
-5
Let v be 7 - (-17)/51*(2 + -5). Let y(p) = p**3 - 5*p**2 - 12*p + 39. Determine y(v).
3
Let y(p) be